 e + 19e45d?
19e46b
In base 5, what is -2213420 - 1020?
-2214440
In base 5, what is -2240341101134 - 3?
-2240341101142
In base 5, what is -133 - 242322134?
-242322322
In base 16, what is 5a + 3897?
38f1
In base 4, what is -1020010030001 + -122?
-1020010030123
In base 5, what is 1 + 12331201231?
12331201232
In base 14, what is 8daa3cb - 0?
8daa3cb
In base 11, what is 303 + -29110?
-28908
In base 16, what is -240 + -302d?
-326d
In base 4, what is -13 - -310013200300?
310013200221
In base 3, what is 1120 - 1212110220?
-1212102100
In base 4, what is -22312 + -11002020230?
-11002103202
In base 9, what is 20252575 + 6?
20252582
In base 5, what is 10242140 + -3324?
10233311
In base 6, what is -11003215 - 14?
-11003233
In base 3, what is 212 + -20010101210210?
-20010101202221
In base 11, what is 13 - 79172?
-7915a
In base 16, what is d3 - 12705?
-12632
In base 6, what is -10253345 - 2421?
-10300210
In base 16, what is 50 + -3460ea?
-34609a
In base 8, what is -1306 - -6253?
4745
In base 8, what is -346 - 36034?
-36402
In base 5, what is -441313312 - -302?
-441313010
In base 11, what is -23 - 219392?
-219405
In base 13, what is 3 - 2641b?
-26418
In base 16, what is 1efd2 - -40?
1f012
In base 2, what is -1010000001011001100010 - 1010?
-1010000001011001101100
In base 4, what is 20 + -2110220013301?
-2110220013221
In base 11, what is -1 - 44328a7?
-44328a8
In base 9, what is -4548174 + -6?
-4548181
In base 6, what is -213402242245 - 5?
-213402242254
In base 9, what is -3 + 8787277?
8787274
In base 16, what is e39 + -2ece?
-2095
In base 13, what is -3924 - -c313?
86bc
In base 7, what is -2065242 + 51?
-2065161
In base 12, what is -706 - 48707?
-49211
In base 14, what is -b - 4d197?
-4d1a4
In base 8, what is 1 + 50757172?
50757173
In base 8, what is 272022460 + -3?
272022455
In base 9, what is -46747 + -22630?
-70477
In base 14, what is -9b980 - -2d?
-9b951
In base 6, what is 20030551 + -30?
20030521
In base 10, what is 509 + -399996?
-399487
In base 16, what is -a2a6eb7 - 1?
-a2a6eb8
In base 4, what is 22222303223 + 1213?
22222311102
In base 11, what is 110952 - 43?
11090a
In base 4, what is -10013100 + -3220?
-10022320
In base 16, what is -3 - e57e99?
-e57e9c
In base 8, what is -1474 + -65203?
-66677
In base 10, what is 3 - -3227919?
3227922
In base 12, what is -1 - -15192176?
15192175
In base 14, what is -13638183 + 3?
-13638180
In base 6, what is -1415 - -51403222?
51401403
In base 14, what is -5769c + -18?
-576b6
In base 13, what is -65 - -8880a?
88775
In base 8, what is -1173535 + 116?
-1173417
In base 9, what is 440877 - 326?
440551
In base 12, what is a0 + -355696?
-3555b6
In base 7, what is 1312114 + -230?
1311554
In base 16, what is -57 - -b32?
adb
In base 6, what is -1540540 - -440?
-1540100
In base 14, what is -923 + -b43?
-1666
In base 9, what is -282 + -7627558?
-7627851
In base 16, what is -343 + d82f?
d4ec
In base 6, what is 13435 - -1431424?
1445303
In base 12, what is 289a47 + -6?
289a41
In base 4, what is -3 + 1312311202?
1312311133
In base 12, what is 135 - 1857?
-1722
In base 10, what is -18867943 + 2?
-18867941
In base 8, what is -135 - -3356752?
3356615
In base 7, what is -102611 - 4024?
-106635
In base 2, what is -1100 - -111010110100101?
111010110011001
In base 4, what is -230023112030 - 210?
-230023112300
In base 7, what is -51 + 4165101?
4165020
In base 9, what is 204100 + 123?
204223
In base 12, what is -a372 - 7a?
-a430
In base 9, what is 22 - -85151?
85173
In base 13, what is 2 + 4224344?
4224346
In base 8, what is -103071 - -30675?
-52174
In base 8, what is 30 + -12035257?
-12035227
In base 7, what is -2 - -10415345450?
10415345445
In base 12, what is -9855929 - -5?
-9855924
In base 2, what is -101 - 10100000110010011001110?
-10100000110010011010011
In base 4, what is -113111213003 - -10?
-113111212333
In base 9, what is -6505 + 487?
-6007
In base 15, what is -38de - 135e?
-4c4d
In base 16, what is -30 + -297580?
-2975b0
In base 11, what is 19883a7 + 1?
19883a8
In base 2, what is -111100010000011111111 - -110?
-111100010000011111001
In base 10, what is 1687986 - -7?
1687993
In base 9, what is 4 + 14632812?
14632816
In base 13, what is 5b83830c + -4?
5b838308
In base 14, what is 35dc531 - 4?
35dc52b
In base 16, what is -b18c65 - 0?
-b18c65
In base 4, what is 33211 - -123010031?
123103302
In base 13, what is c823c81 - -1?
c823c82
In base 12, what is -593b55a - 3?
-593b561
In base 5, what is -3414044 - -2312?
-3411232
In base 4, what is 1 - 220200312212?
-220200312211
In base 5, what is 31000121 + 134?
31000310
In base 5, what is 124223 + 4340403?
10020131
In base 11, what is 284 - 75825?
-75551
In base 12, what is 67994 - -1288?
69060
In base 8, what is 714547 - -2250?
717017
In base 8, what is 7725 - 13265?
-3340
In base 7, what is -53620365 + -15?
-53620413
In base 8, what is -14217 + 125721?
111502
In base 6, what is 122331254003 - 5?
122331253554
In base 14, what is 110d - -8b48?
9c57
In base 13, what is 5650ab01 - 3?
5650aacb
In base 10, what is -270 + -22661?
-22931
In base 9, what is 2866 - -264401?
267367
In base 8, what is 1526604 + -4503?
1522101
In base 7, what is 1003466 + 142?
1003641
In base 15, what is -1a82 + -38e?
-1e21
In base 7, what is 3 + -141124055?
-141124052
In base 14, what is 69 - 19161?
-190d6
In base 15, what is 1d - -e3b811?
e3b82e
In base 7, what is 114606 - 21414?
63162
In base 11, what is 14309 + -117?
141a2
In base 6, what is -5 - 101323100?
-101323105
In base 13, what is -c44256 + -b?
-c44264
In base 2, what is 111000000010011 - -100100110010?
111100101000101
In base 5, what is 211 + -301312?
-301101
In base 2, what is -10000 - 110011010111101110?
-110011010111111110
In base 10, what is -6841 - 737?
-7578
In base 7, what is 3 - -160561?
160564
In base 3, what is 11022220202221202 - -1?
11022220202221210
In base 14, what is -940 - -3626?
2ac6
In base 9, what is 76128451 - -4?
76128455
In base 3, what is 21112222111222 - 11?
21112222111211
In base 4, what is -3 - -131212012021?
131212012012
In base 15, what is a38 + -cd78?
-c340
In base 15, what is 714277 + 4?
71427b
In base 15, what is 2474e6b + a?
2474e76
In base 3, what is -1 - 202110110210111?
-202110110210112
In base 7, what is 6 + 1426423415?
1426423424
In base 10, what is 1333 - 73198?
-71865
In base 8, what is 60 + -635142?
-635062
In base 7, what is -214451 - 5122?
-222603
In base 9, what is -411 + 2240?
1728
In base 2, what is 111001 + -100010110101001?
-100010101110000
In base 14, what is -3 - 488ca10?
-488ca13
In base 2, what is 10101111001110000000 + -110111?
10101111001101001001
In base 4, what is 0 + 23013320?
23013320
In base 2, what is -11 - -1101001000001100010110011?
1101001000001100010110000
In base 4, what is 232300120031 - -10?
232300120101
In base 3, what is -121 - -10122101110211?
10122101110020
In base 7, what is -32 - -226416432?
226416400
In base 15, what is -1a9 + a19c?
9ee3
In base 7, what is 4601363 + 1140?
4602533
In base 15, what is -11 + 17c0?
17ae
In base 11, what is -10 + -1164433a?
-1164434a
In base 11, what is -1 + -10aa41?
-10aa42
In base 3, what is -12101120110 + 1222?
-12101111111
In base 9, what is 48 + 76000?
76048
In base 15, what is 2add5e - -4?
2add63
In base 11, what is -2a + 53812?
53793
In base 7, what is 4 - -6405162?
6405166
In base 2, what is 110110011 - -1011101001000001?
1011101111110100
In base 3, what is -100211222010001 + 12?
-100211222002212
In base 3, what is 2 - 111111220120110220?
-111111220120110211
In base 16, what is 1003 + -1fdf?
-fdc
In base 9, what is -514 + 300868?
300354
In base 15, what is 2c332a - -2d?
2c3358
In base 5, what is -23244 - -23221?
-23
In base 11, what is 18 + -38305693?
-38305676
In base 9, what is -315 + 36201?
35775
In base 9, what is -78 + -18185?
-18274
In base 13, what is 31282 - 5?
3127a
In base 9, what is -5 + -64088403?
-64088408
In base 8, what is 11054 + -107736?
-76662
In base 10, what is -31710719 - -4?
-31710715
In base 15, what is 1585 + 11537?
12abc
In base 3, what is 10 - 101201021121100211?
-101201021121100201
In base 13, what is 5161 + 255?
53b6
In base 10, what is 10 - -592069?
592079
In base 10, what is -2975 + 84541?
81566
In base 4, what is -23113 + 1303010031?
1302320312
In base 5, what is -2434313320310 + -2?
-2434313320312
In base 7, wh